osite?
True
Is 2488347683 a composite number?
False
Is 2708148887 a composite number?
False
Is 11564811709 a prime number?
False
Is 13445934847 a composite number?
False
Is 1957133849 a prime number?
False
Is 372124993 a composite number?
False
Is 27093191309 prime?
True
Is 312405803 a prime number?
False
Is 5455071961 a composite number?
False
Is 57304090631 a prime number?
True
Is 27885245513 a prime number?
True
Is 188366118077 prime?
False
Is 9022878481 a prime number?
False
Is 447864581 a composite number?
False
Is 3681690923 composite?
True
Is 30803848993 a prime number?
True
Is 28436073551 a composite number?
False
Is 20796187 a composite number?
True
Is 2328046829 prime?
False
Is 500498279 composite?
False
Is 296850529 composite?
True
Is 19693696234 composite?
True
Is 716000321 prime?
False
Is 266265731 a composite number?
False
Is 215025883 a prime number?
False
Is 238959183 composite?
True
Is 31940554243 prime?
False
Is 47270973727 composite?
True
Is 865875337 a prime number?
True
Is 140420807 composite?
False
Is 5530285441 composite?
True
Is 19073678033 composite?
False
Is 33375886957 a prime number?
False
Is 306483343 a prime number?
True
Is 28498585217 a prime number?
False
Is 7167275911 a prime number?
False
Is 19672127129 a prime number?
True
Is 1452711131 composite?
True
Is 158701993 a composite number?
False
Is 1715823239 composite?
True
Is 11876258843 a composite number?
True
Is 2858867047 prime?
True
Is 1397639731 a prime number?
False
Is 523587391 prime?
True
Is 23354655719 prime?
True
Is 2062884001 a composite number?
False
Is 24936299 composite?
False
Is 9543343487 a composite number?
False
Is 2932699657 composite?
False
Is 2444982119 prime?
True
Is 69991391 prime?
True
Is 10411093039 composite?
True
Is 1004532767 composite?
True
Is 27047536001 prime?
True
Is 671820299 prime?
True
Is 5652572647 prime?
False
Is 56127642547 prime?
True
Is 7376191063 a composite number?
True
Is 3649985737 composite?
True
Is 4425863129 composite?
False
Is 9139870283 prime?
True
Is 38117431063 prime?
True
Is 1228327885 composite?
True
Is 1724997929 composite?
False
Is 542337647 prime?
False
Is 30244536323 prime?
False
Is 495239879 composite?
False
Is 2215969801 a composite number?
False
Is 5561362753 composite?
False
Is 3339568619 a prime number?
True
Is 4645298027 a prime number?
True
Is 7876681957 composite?
False
Is 37159645735 composite?
True
Is 6156143143 a prime number?
False
Is 601043957 a prime number?
False
Is 70175238631 a composite number?
False
Is 234601709 composite?
False
Is 21754399463 a prime number?
False
Is 294332773 a composite number?
True
Is 2391465287 composite?
True
Is 230769333871 a composite number?
False
Is 220795109 a prime number?
True
Is 93150240493 a composite number?
True
Is 1838740291 prime?
True
Is 793225877 prime?
True
Is 9922530469 prime?
False
Is 2986252561 a prime number?
True
Is 155754159829 prime?
True
Is 2719437121 prime?
True
Is 25823208211 prime?
True
Is 123895123 a composite number?
True
Is 194456995 a composite number?
True
Is 9309810373 composite?
True
Is 380244961 prime?
True
Is 554383853 a composite number?
True
Is 4500920713 a composite number?
False
Is 18258220289 a composite number?
True
Is 100496189 a prime number?
True
Is 7251425513 a prime number?
True
Is 3323402377 a composite number?
False
Is 664756138 a composite number?
True
Is 883956523 composite?
False
Is 2037207841 composite?
False
Is 17748721 a prime number?
False
Is 21366225473 a composite number?
True
Is 117735089 a prime number?
True
Is 4577365561 a prime number?
True
Is 152558876045 composite?
True
Is 1514356159 a prime number?
False
Is 38281242523 a composite number?
False
Is 308844231 composite?
True
Is 23670063701 prime?
True
Is 50720319371 composite?
True
Is 4046699893 composite?
True
Is 1584874463 prime?
True
Is 923698477 a prime number?
False
Is 57642031 a composite number?
False
Is 11891689 a prime number?
False
Is 34084199767 a prime number?
False
Is 3194175073 composite?
True
Is 1064681323 composite?
True
Is 419278359931 a prime number?
True
Is 4176270181 a prime number?
True
Is 550678859 a prime number?
True
Is 23373613763 a prime number?
False
Is 411821843 a prime number?
True
Is 7380876833 a prime number?
False
Is 1342169357 prime?
True
Is 5505757631 a prime number?
False
Is 51551202979 composite?
False
Is 7450187579 a composite number?
False
Is 96328979 a composite number?
True
Is 217326821 a prime number?
True
Is 2110382483 prime?
False
Is 88724413097 a prime number?
True
Is 800039671 composite?
False
Is 38302693487 a composite number?
True
Is 9754406709 prime?
False
Is 1132901359 a composite number?
False
Is 139287361 a composite number?
True
Is 59566775893 composite?
False
Is 1007575169 a composite number?
False
Is 2316626519 composite?
True
Is 8471368019 a prime number?
False
Is 9113712449 composite?
False
Is 1714705151 composite?
False
Is 5435616441 prime?
False
Is 9526582993 a prime number?
True
Is 222653303 a composite number?
False
Is 3837649771 a prime number?
False
Is 309768827 a prime number?
True
Is 2632329803 composite?
False
Is 1514694641 prime?
False
Is 180906218 composite?
True
Is 14583448843 composite?
False
Is 799174543 composite?
True
Is 1614677843 composite?
True
Is 3987040898 prime?
False
Is 18428523623 prime?
False
Is 24740119841 a composite number?
False
Is 343265942813 composite?
True
Is 7877514487 prime?
True
Is 16808143081 composite?
False
Is 58305829669 composite?
False
Is 8401091983 a composite number?
True
Is 2351302199 a composite number?
False
Is 58967990819 prime?
False
Is 21589316863 prime?
False
Is 13482394061 a composite number?
False
Is 78478839889 a prime number?
False
Is 214656794459 prime?
False
Is 113931359 a prime number?
True
Is 22499573683 a prime number?
False
Is 541537787 prime?
False
Is 54988351 a composite number?
True
Is 685057903 a prime number?
True
Is 545841681269 a composite number?
False
Is 4991934631 prime?
True
Is 71944916623 a prime number?
False
Is 2115277595 prime?
False
Is 222071181 a composite number?
True
Is 791080097 prime?
True
Is 297102679 a composite number?
True
Is 1122058621 a composite number?
False
Is 11070616351 a prime number?
False
Is 33520957471 prime?
True
Is 479723449 a prime number?
True
Is 927050791 prime?
False
Is 4074596347 composite?
True
Is 724957757 a prime number?
True
Is 7436770403 a composite number?
True
Is 175303319 prime?
True
Is 6543818353 prime?
False
Is 5163421273 a composite number?
True
Is 179220997 composite?
False
Is 1022293583 a prime number?
False
Is 4162732939 a composite number?
True
Is 2670770569 prime?
True
Is 467598959 composite?
True
Is 254990081 a composite number?
False
Is 4407442681 a prime number?
False
Is 106937505121 a prime number?
False
Is 2987315579 prime?
True
Is 1096436683 a prime number?
True
Is 1007931286 prime?
False
Is 221937311 a prime number?
False
Is 3682109987 a composite number?
False
Is 87869727739 a composite number?
False
Is 111354673961 prime?
False
Is 2862340423 a composite number?
False
Is 598932517 a composite number?
False
Is 1730170133 a prime number?
True
Is 1011411737 a composite number?
True
Is 1051250359 a prime number?
False
Is 3626893255 prime?
False
Is 12126242993 prime?
False
Is 1650119353 a prime number?
False
Is 465151231 a prime number?
True
Is 610655037757 composite?
False
Is 1799543443 composite?
False
Is 5741995937 a composite number?
False
Is 13100021453 prime?
True
Is 4354738541 a composite number?
False
Is 142768587482 composite?
True
Is 67215009857 a composite number?
False
Is 13274143049 prime?
True
Is 17920884671 composite?
False
Is 1249945579 a prime number?
True
Is 18359715607 a prime number?
False
Is 1934816399 a prime number?
False
Is 1314682049 composite?
False
Is 484281205 a composite number?
True
Is 15365427421 prime?
False
Is 5090119633 composite?
False
Is 5568097781 a prime number?
False
Is 307518187 a prime number?
False
Is 3828472031 composite?
True
Is 871464947 a prime number?
True
Is 4230641585 a prime number?
False
Is 47888903663 composite?
False
Is 38624121529 a prime number?
False
Is 3691390657 composite?
True
Is 2775887201 a prime number?
True
Is 22722829 a prime number?
False
Is 15588797387 prime?
True
Is 1307003279 a prime number?
False
Is 4164